5.
5, 13, 22123
What are the prime factors of 1165148?
2, 291287
List the prime factors of 1823592.
2, 3, 75983
List the prime factors of 106863.
3, 179, 199
What are the prime factors of 910300?
2, 5, 9103
List the prime factors of 450714.
2, 3, 11, 6829
What are the prime factors of 15106030?
2, 5, 17, 5227
List the prime factors of 935409.
3, 311803
What are the prime factors of 13986203?
7, 11, 181639
List the prime factors of 2250643.
463, 4861
List the prime factors of 1272803.
7, 349, 521
List the prime factors of 89073.
3, 3299
List the prime factors of 69056.
2, 13, 83
List the prime factors of 233428.
2, 13, 67
List the prime factors of 668141.
668141
What are the prime factors of 1535074?
2, 767537
What are the prime factors of 83191?
23, 3617
What are the prime factors of 390161?
390161
List the prime factors of 348549.
3, 223, 521
What are the prime factors of 513797?
23, 89, 251
What are the prime factors of 65263?
11, 17, 349
What are the prime factors of 23059192?
2, 13, 221723
List the prime factors of 164735.
5, 47, 701
What are the prime factors of 33344531?
11, 17, 617
List the prime factors of 451352.
2, 11, 23, 223
List the prime factors of 3387018.
2, 3, 53, 10651
List the prime factors of 1576118.
2, 61, 12919
List the prime factors of 374581.
167, 2243
List the prime factors of 6043.
6043
What are the prime factors of 3181002?
2, 3, 11, 48197
List the prime factors of 22524990.
2, 3, 5, 41, 18313
List the prime factors of 592400.
2, 5, 1481
What are the prime factors of 151561?
151561
What are the prime factors of 13086246?
2, 3, 1399, 1559
What are the prime factors of 7301344?
2, 83, 2749
What are the prime factors of 4962208?
2, 155069
What are the prime factors of 3325080?
2, 3, 5, 11, 229
What are the prime factors of 409317?
3, 19, 43, 167
What are the prime factors of 2284850?
2, 5, 45697
List the prime factors of 7289149.
7, 1041307
List the prime factors of 47806.
2, 11, 41, 53
What are the prime factors of 15813081?
3, 191, 9199
What are the prime factors of 108423?
3, 7, 1721
What are the prime factors of 164416?
2, 7, 367
What are the prime factors of 180449?
37, 4877
List the prime factors of 27203220.
2, 3, 5, 11, 1249
List the prime factors of 213730.
2, 5, 11, 29, 67
List the prime factors of 1808621.
107, 16903
List the prime factors of 964556.
2, 293, 823
List the prime factors of 258167.
7, 13, 2837
List the prime factors of 782334.
2, 3, 7, 887
List the prime factors of 13640492.
2, 163, 20921
What are the prime factors of 208231?
208231
What are the prime factors of 564899?
564899
List the prime factors of 7104691.
11, 17, 37993
List the prime factors of 146423.
146423
What are the prime factors of 8509685?
5, 829, 2053
What are the prime factors of 8119702?
2, 71, 211, 271
What are the prime factors of 120744?
2, 3, 13, 43
What are the prime factors of 7973590?
2, 5, 797359
What are the prime factors of 155151?
3, 17239
List the prime factors of 28044232.
2, 3505529
What are the prime factors of 631097?
23, 1193
What are the prime factors of 141412?
2, 35353
What are the prime factors of 12125110?
2, 5, 157, 7723
List the prime factors of 84833.
7, 12119
What are the prime factors of 498218?
2, 7, 19, 1873
What are the prime factors of 95233?
95233
What are the prime factors of 324384?
2, 3, 31, 109
What are the prime factors of 3222991?
3222991
List the prime factors of 330548.
2, 17, 4861
What are the prime factors of 24376624?
2, 1523539
List the prime factors of 9606778.
2, 23, 208843
What are the prime factors of 2114928?
2, 3, 19, 773
List the prime factors of 312933.
3, 104311
What are the prime factors of 14443045?
5, 109, 26501
List the prime factors of 9146060.
2, 5, 7, 11, 5939
What are the prime factors of 57268?
2, 103, 139
List the prime factors of 2987115.
3, 5, 97, 2053
List the prime factors of 113977.
293, 389
What are the prime factors of 444863?
444863
List the prime factors of 17577804.
2, 3, 1464817
What are the prime factors of 979670?
2, 5, 97967
List the prime factors of 412470.
2, 3, 5, 4583
List the prime factors of 5765699.
5765699
What are the prime factors of 10908915?
3, 5, 727261
What are the prime factors of 933258?
2, 3, 109, 1427
What are the prime factors of 680502?
2, 3, 113417
What are the prime factors of 422546?
2, 41, 5153
List the prime factors of 205391.
205391
What are the prime factors of 3143315?
5, 7, 89809
What are the prime factors of 13203249?
3, 4401083
What are the prime factors of 312728?
2, 13, 31, 97
List the prime factors of 521275.
5, 29, 719
List the prime factors of 10095511.
809, 12479
What are the prime factors of 3306411?
3, 23, 15973
What are the prime factors of 230860?
2, 5, 7, 17, 97
List the prime factors of 4362481.
4362481
What are the prime factors of 86225?
5, 3449
What are the prime factors of 753167?
61, 12347
What are the prime factors of 112805?
5, 7, 11, 293
List the prime factors of 214912.
2, 23, 73
What are the prime factors of 140445?
3, 5, 3121
What are the prime factors of 1259572?
2, 23, 13691
What are the prime factors of 3185394?
2, 3, 521, 1019
List the prime factors of 11853489.
3, 29, 136247
What are the prime factors of 1709899?
1153, 1483
List the prime factors of 899013.
3, 299671
List the prime factors of 24032708.
2, 7, 858311
List the prime factors of 89864.
2, 47, 239
What are the prime factors of 569259?
3, 19, 3329
What are the prime factors of 224756?
2, 7, 23, 349
What are the prime factors of 287751?
3, 95917
What are the prime factors of 402066?
2, 3, 7, 3191
What are the prime factors of 12063645?
3, 5, 11, 24371
List the prime factors of 400028.
2, 97, 1031
List the prime factors of 5633252.
2, 23, 61231
List the prime factors of 445916.
2, 41, 2719
List the prime factors of 5941131.
3, 7, 282911
List the prime factors of 221536.
2, 7, 23, 43
What are the prime factors of 23247922?
2, 1451, 8011
List the prime factors of 1774941.
3, 7, 84521
List the prime factors of 430867.
521, 827
List the prime factors of 7170.
2, 3, 5, 239
List the prime factors of 3042566.
2, 317, 4799
List the prime factors of 2494093.
7, 356299
What are the prime factors of 8908989?
3, 61, 89, 547
What are the prime factors of 2493188?
2, 29, 21493
What are the prime factors of 160036?
2, 40009
What are the prime factors of 1801096?
2, 11, 97, 211
List the prime factors of 586530.
2, 3, 5, 7, 19
What are the prime factors of 422647?
43, 9829
What are the prime factors of 6348516?
2, 3, 529043
What are the prime factors of 2116318?
2, 751, 1409
What are the prime factors of 7391439?
3, 11, 41, 607
List the prime factors of 1067796.
2, 3, 9887
What are the prime factors of 24098392?
2, 151, 19949
List the prime factors of 6390416.
2, 399401
What are the prime factors of 6901717?
6901717
What are the prime factors of 209317?
209317
List the prime factors of 2682295.
5, 7, 11, 6967
List the prime factors of 546339.
3, 269, 677
List the prime factors of 26195497.
29, 47, 19219
What are the prime factors of 2710087?
2710087
List the prime factors of 862580.
2, 5, 17, 43, 59
What are the prime factors of 4092921?
3, 7, 9281
List the prime factors of 141245.
5, 13, 41, 53
What are the prime factors of 303548?
2, 7, 37, 293
What are the prime factors of 505301?
505301
List the prime factors of 9414105.
3, 5, 569, 1103
What are the prime factors of 114844?
2, 28711
List the prime factors of 755326.
2, 11, 13, 19, 139
List the prime factors of 6000922.
2, 19, 67, 2357
What are the prime factors of 733141?
733141
List the prime factors of 1358409.
3, 13, 61, 571
List the prime factors of 55663.
55663
List the prime factors of 99092.
2, 7, 3539
What are the prime factors of 3932689?
3932689
List the prime factors of 2909658.
2, 3, 337, 1439
List the prime factors of 7476312.
2, 3, 151, 2063
What are the prime factors of 260503?
89, 2927
What are the prime factors of 3664076?
2, 13, 31, 2273
List the prime factors of 2976655.
5, 11, 54121
What are the prime factors of 1292755?
5, 258551
List the prime factors of 1506494.
2, 11, 68477
List the prime factors of 1122726.
2, 3, 11, 17011
List the prime factors of 238230.
2, 3, 5, 2647
What are the prime factors of 1613276?
2, 7, 8231
What are the prime factors of 85320?
2, 3, 5, 79
Li